{"id":2341,"date":"2026-04-22T16:47:24","date_gmt":"2026-04-22T14:47:24","guid":{"rendered":"https:\/\/www.demuhle.com\/?post_type=tribe_events&#038;p=2341"},"modified":"2026-04-22T17:27:08","modified_gmt":"2026-04-22T15:27:08","slug":"mothers-day-at-the-muhle","status":"publish","type":"tribe_events","link":"https:\/\/www.demuhle.com\/en\/event\/mothers-day-at-the-muhle\/","title":{"rendered":"Mother's day at the M\u00fchle!"},"content":{"rendered":"<p>Celebrate Mother's Day at the M\u00fchle!<\/p>\n<p data-path-to-node=\"7\"><b data-path-to-node=\"7\" data-index-in-node=\"0\">The most important woman in your life deserves more than a limp bunch of flowers. \ud83c\udf39<\/b><\/p>\n<p data-path-to-node=\"8\">Let's face it: mum only wants one thing this year and that is to really spend some time together. No washing up, no stress, just the raw charm of De M\u00fchle as the backdrop for your memories. Whether she enjoys an afternoon of conviviality or an evening of culinary spectacle, we have the perfect match.<\/p>\n<p data-path-to-node=\"8\"><strong>Upon arrival, we will give you a (non-alcoholic) prosecco to celebrate this beautiful moment.<\/strong><\/p>\n<p data-path-to-node=\"9\"><b data-path-to-node=\"9\" data-index-in-node=\"0\">Afternoon: The Shared Dining Lunch \u20ac28.50 (11:30 - 15:30)<\/b><\/p>\n<p>To begin with:<\/p>\n<p>Cucumber-courgette soup or Salmorejo<\/p>\n<p>Afterwards, all tasty snacks to enjoy together:<\/p>\n<ul>\n<li>Lebanese pizza<\/li>\n<li>Chicken or Vega gyoza<\/li>\n<li>Focaccia with black garlic-anchovy cream or Butter with smoked salt<\/li>\n<li>Watermelon Sashimi<\/li>\n<li>Puffed celeriac with almonds and lemon mayo<\/li>\n<\/ul>\n<p>To end this delicious meal:<\/p>\n<ul>\n<li>Passion fruit semifreddo with toasted coconut<\/li>\n<li>White chocolate brownie<\/li>\n<\/ul>\n<p data-path-to-node=\"11\"><b data-path-to-node=\"11\" data-index-in-node=\"0\">Evening: The Mother's Day Dinner \u20ac39.50 (from 17:00)<\/b><\/p>\n<p data-path-to-node=\"11\"><strong>3-course dinner:<\/strong><\/p>\n<p data-path-to-node=\"11\"><em>Starter<\/em><\/p>\n<p data-path-to-node=\"11\">Puffed celeriac with lemon mayo &amp; almonds<\/p>\n<p data-path-to-node=\"11\"><em>or<\/em><\/p>\n<p data-path-to-node=\"11\">Deep-fried white asparagus with a tie garlic sauce<\/p>\n<p data-path-to-node=\"11\"><em>Main course<\/em><\/p>\n<p data-path-to-node=\"11\">Asparagus with hollandaise, haddock &amp; baby potatoes<\/p>\n<p data-path-to-node=\"11\"><em>Or<\/em><\/p>\n<p data-path-to-node=\"11\">Vegetarian lasagne with Artichoke mascarpone<\/p>\n<p data-path-to-node=\"11\"><em>Dessert<\/em><\/p>\n<p data-path-to-node=\"11\">Passion fruit semifreddo with toasted coconut<\/p>\n<p data-path-to-node=\"11\"><em>Or<\/em><\/p>\n<p data-path-to-node=\"11\">Tiramisu Affogato<\/p>\n<p data-path-to-node=\"11\"><em><strong>Would you rather choose something from the regular menu? No problem, as long as it will be a memorable day.<\/strong><\/em><\/p>","protected":false},"excerpt":{"rendered":"<p>Celebrate Mother's Day at the M\u00fchle! The most important woman in your<\/p>","protected":false},"author":4,"featured_media":2340,"template":"","meta":{"_acf_changed":false,"_tribe_events_status":"","_tribe_events_status_reason":"","footnotes":""},"tags":[],"tribe_events_cat":[],"class_list":["post-2341","tribe_events","type-tribe_events","status-publish","has-post-thumbnail","hentry"],"acf":[],"yoast_head":"<!-- This site is optimized with the Yoast SEO plugin v27.4 - https:\/\/yoast.com\/product\/yoast-seo-wordpress\/ -->\n<title>Moederdag bij de M\u00fchle! - De M\u00fchle<\/title>\n<meta name=\"robots\" content=\"index, follow, max-snippet:-1, max-image-preview:large, max-video-preview:-1\" \/>\n<link rel=\"canonical\" href=\"https:\/\/www.demuhle.com\/en\/event\/mothers-day-at-the-muhle\/\" \/>\n<meta property=\"og:locale\" content=\"en_GB\" \/>\n<meta property=\"og:type\" content=\"article\" \/>\n<meta property=\"og:title\" content=\"Moederdag bij de M\u00fchle! - De M\u00fchle\" \/>\n<meta property=\"og:description\" content=\"Vier Moederdag bij de M\u00fchle! De belangrijkste vrouw in je\" \/>\n<meta property=\"og:url\" content=\"https:\/\/www.demuhle.com\/en\/event\/mothers-day-at-the-muhle\/\" \/>\n<meta property=\"og:site_name\" content=\"De M\u00fchle\" \/>\n<meta property=\"article:publisher\" content=\"https:\/\/www.facebook.com\/p\/Femilie-at-Etzenrather-M%c3%bchle-100027792532478\" \/>\n<meta property=\"article:modified_time\" content=\"2026-04-22T15:27:08+00:00\" \/>\n<meta property=\"og:image\" content=\"https:\/\/www.demuhle.com\/wp-content\/uploads\/2026\/04\/WhatsApp-Image-2026-04-22-at-16.15.25-1.jpeg\" \/>\n\t<meta property=\"og:image:width\" content=\"1536\" \/>\n\t<meta property=\"og:image:height\" content=\"2048\" \/>\n\t<meta property=\"og:image:type\" content=\"image\/jpeg\" \/>\n<meta name=\"twitter:card\" content=\"summary_large_image\" \/>\n<meta name=\"twitter:label1\" content=\"Estimated reading time\" \/>\n\t<meta name=\"twitter:data1\" content=\"2 minutes\" \/>\n<script type=\"application\/ld+json\" class=\"yoast-schema-graph\">{\"@context\":\"https:\\\/\\\/schema.org\",\"@graph\":[{\"@type\":\"WebPage\",\"@id\":\"https:\\\/\\\/www.demuhle.com\\\/event\\\/moederdag-bij-de-muhle\\\/\",\"url\":\"https:\\\/\\\/www.demuhle.com\\\/event\\\/moederdag-bij-de-muhle\\\/\",\"name\":\"Moederdag bij de M\u00fchle! - De M\u00fchle\",\"isPartOf\":{\"@id\":\"https:\\\/\\\/www.demuhle.com\\\/#website\"},\"primaryImageOfPage\":{\"@id\":\"https:\\\/\\\/www.demuhle.com\\\/event\\\/moederdag-bij-de-muhle\\\/#primaryimage\"},\"image\":{\"@id\":\"https:\\\/\\\/www.demuhle.com\\\/event\\\/moederdag-bij-de-muhle\\\/#primaryimage\"},\"thumbnailUrl\":\"https:\\\/\\\/www.demuhle.com\\\/wp-content\\\/uploads\\\/2026\\\/04\\\/WhatsApp-Image-2026-04-22-at-16.15.25-1.jpeg\",\"datePublished\":\"2026-04-22T14:47:24+00:00\",\"dateModified\":\"2026-04-22T15:27:08+00:00\",\"breadcrumb\":{\"@id\":\"https:\\\/\\\/www.demuhle.com\\\/event\\\/moederdag-bij-de-muhle\\\/#breadcrumb\"},\"inLanguage\":\"en-GB\",\"potentialAction\":[{\"@type\":\"ReadAction\",\"target\":[\"https:\\\/\\\/www.demuhle.com\\\/event\\\/moederdag-bij-de-muhle\\\/\"]}]},{\"@type\":\"ImageObject\",\"inLanguage\":\"en-GB\",\"@id\":\"https:\\\/\\\/www.demuhle.com\\\/event\\\/moederdag-bij-de-muhle\\\/#primaryimage\",\"url\":\"https:\\\/\\\/www.demuhle.com\\\/wp-content\\\/uploads\\\/2026\\\/04\\\/WhatsApp-Image-2026-04-22-at-16.15.25-1.jpeg\",\"contentUrl\":\"https:\\\/\\\/www.demuhle.com\\\/wp-content\\\/uploads\\\/2026\\\/04\\\/WhatsApp-Image-2026-04-22-at-16.15.25-1.jpeg\",\"width\":1536,\"height\":2048},{\"@type\":\"BreadcrumbList\",\"@id\":\"https:\\\/\\\/www.demuhle.com\\\/event\\\/moederdag-bij-de-muhle\\\/#breadcrumb\",\"itemListElement\":[{\"@type\":\"ListItem\",\"position\":1,\"name\":\"Home\",\"item\":\"https:\\\/\\\/www.demuhle.com\\\/\"},{\"@type\":\"ListItem\",\"position\":2,\"name\":\"Evenementen\",\"item\":\"https:\\\/\\\/www.demuhle.com\\\/events\\\/\"},{\"@type\":\"ListItem\",\"position\":3,\"name\":\"Moederdag bij de M\u00fchle!\"}]},{\"@type\":\"WebSite\",\"@id\":\"https:\\\/\\\/www.demuhle.com\\\/#website\",\"url\":\"https:\\\/\\\/www.demuhle.com\\\/\",\"name\":\"De M\u00fchle\",\"description\":\"\",\"publisher\":{\"@id\":\"https:\\\/\\\/www.demuhle.com\\\/#organization\"},\"potentialAction\":[{\"@type\":\"SearchAction\",\"target\":{\"@type\":\"EntryPoint\",\"urlTemplate\":\"https:\\\/\\\/www.demuhle.com\\\/?s={search_term_string}\"},\"query-input\":{\"@type\":\"PropertyValueSpecification\",\"valueRequired\":true,\"valueName\":\"search_term_string\"}}],\"inLanguage\":\"en-GB\"},{\"@type\":\"Organization\",\"@id\":\"https:\\\/\\\/www.demuhle.com\\\/#organization\",\"name\":\"De M\u00fchle\",\"url\":\"https:\\\/\\\/www.demuhle.com\\\/\",\"logo\":{\"@type\":\"ImageObject\",\"inLanguage\":\"en-GB\",\"@id\":\"https:\\\/\\\/www.demuhle.com\\\/#\\\/schema\\\/logo\\\/image\\\/\",\"url\":\"https:\\\/\\\/www.demuhle.com\\\/wp-content\\\/uploads\\\/2024\\\/10\\\/500.png\",\"contentUrl\":\"https:\\\/\\\/www.demuhle.com\\\/wp-content\\\/uploads\\\/2024\\\/10\\\/500.png\",\"width\":500,\"height\":500,\"caption\":\"De M\u00fchle\"},\"image\":{\"@id\":\"https:\\\/\\\/www.demuhle.com\\\/#\\\/schema\\\/logo\\\/image\\\/\"},\"sameAs\":[\"https:\\\/\\\/www.facebook.com\\\/p\\\/Femilie-at-Etzenrather-M\u00fchle-100027792532478\",\"https:\\\/\\\/www.instagram.com\\\/brasserie_demuhle\\\/\"]}]}<\/script>\n<!-- \/ Yoast SEO plugin. -->","yoast_head_json":{"title":"Mother's Day at the M\u00fchle! - The M\u00fchle","robots":{"index":"index","follow":"follow","max-snippet":"max-snippet:-1","max-image-preview":"max-image-preview:large","max-video-preview":"max-video-preview:-1"},"canonical":"https:\/\/www.demuhle.com\/en\/event\/mothers-day-at-the-muhle\/","og_locale":"en_GB","og_type":"article","og_title":"Moederdag bij de M\u00fchle! - De M\u00fchle","og_description":"Vier Moederdag bij de M\u00fchle! De belangrijkste vrouw in je","og_url":"https:\/\/www.demuhle.com\/en\/event\/mothers-day-at-the-muhle\/","og_site_name":"De M\u00fchle","article_publisher":"https:\/\/www.facebook.com\/p\/Femilie-at-Etzenrather-M%c3%bchle-100027792532478","article_modified_time":"2026-04-22T15:27:08+00:00","og_image":[{"width":1536,"height":2048,"url":"https:\/\/www.demuhle.com\/wp-content\/uploads\/2026\/04\/WhatsApp-Image-2026-04-22-at-16.15.25-1.jpeg","type":"image\/jpeg"}],"twitter_card":"summary_large_image","twitter_misc":{"Estimated reading time":"2 minutes"},"schema":{"@context":"https:\/\/schema.org","@graph":[{"@type":"WebPage","@id":"https:\/\/www.demuhle.com\/event\/moederdag-bij-de-muhle\/","url":"https:\/\/www.demuhle.com\/event\/moederdag-bij-de-muhle\/","name":"Mother's Day at the M\u00fchle! - The M\u00fchle","isPartOf":{"@id":"https:\/\/www.demuhle.com\/#website"},"primaryImageOfPage":{"@id":"https:\/\/www.demuhle.com\/event\/moederdag-bij-de-muhle\/#primaryimage"},"image":{"@id":"https:\/\/www.demuhle.com\/event\/moederdag-bij-de-muhle\/#primaryimage"},"thumbnailUrl":"https:\/\/www.demuhle.com\/wp-content\/uploads\/2026\/04\/WhatsApp-Image-2026-04-22-at-16.15.25-1.jpeg","datePublished":"2026-04-22T14:47:24+00:00","dateModified":"2026-04-22T15:27:08+00:00","breadcrumb":{"@id":"https:\/\/www.demuhle.com\/event\/moederdag-bij-de-muhle\/#breadcrumb"},"inLanguage":"en-GB","potentialAction":[{"@type":"ReadAction","target":["https:\/\/www.demuhle.com\/event\/moederdag-bij-de-muhle\/"]}]},{"@type":"ImageObject","inLanguage":"en-GB","@id":"https:\/\/www.demuhle.com\/event\/moederdag-bij-de-muhle\/#primaryimage","url":"https:\/\/www.demuhle.com\/wp-content\/uploads\/2026\/04\/WhatsApp-Image-2026-04-22-at-16.15.25-1.jpeg","contentUrl":"https:\/\/www.demuhle.com\/wp-content\/uploads\/2026\/04\/WhatsApp-Image-2026-04-22-at-16.15.25-1.jpeg","width":1536,"height":2048},{"@type":"BreadcrumbList","@id":"https:\/\/www.demuhle.com\/event\/moederdag-bij-de-muhle\/#breadcrumb","itemListElement":[{"@type":"ListItem","position":1,"name":"Home","item":"https:\/\/www.demuhle.com\/"},{"@type":"ListItem","position":2,"name":"Evenementen","item":"https:\/\/www.demuhle.com\/events\/"},{"@type":"ListItem","position":3,"name":"Moederdag bij de M\u00fchle!"}]},{"@type":"WebSite","@id":"https:\/\/www.demuhle.com\/#website","url":"https:\/\/www.demuhle.com\/","name":"The M\u00fchle","description":"","publisher":{"@id":"https:\/\/www.demuhle.com\/#organization"},"potentialAction":[{"@type":"SearchAction","target":{"@type":"EntryPoint","urlTemplate":"https:\/\/www.demuhle.com\/?s={search_term_string}"},"query-input":{"@type":"PropertyValueSpecification","valueRequired":true,"valueName":"search_term_string"}}],"inLanguage":"en-GB"},{"@type":"Organization","@id":"https:\/\/www.demuhle.com\/#organization","name":"The M\u00fchle","url":"https:\/\/www.demuhle.com\/","logo":{"@type":"ImageObject","inLanguage":"en-GB","@id":"https:\/\/www.demuhle.com\/#\/schema\/logo\/image\/","url":"https:\/\/www.demuhle.com\/wp-content\/uploads\/2024\/10\/500.png","contentUrl":"https:\/\/www.demuhle.com\/wp-content\/uploads\/2024\/10\/500.png","width":500,"height":500,"caption":"De M\u00fchle"},"image":{"@id":"https:\/\/www.demuhle.com\/#\/schema\/logo\/image\/"},"sameAs":["https:\/\/www.facebook.com\/p\/Femilie-at-Etzenrather-M\u00fchle-100027792532478","https:\/\/www.instagram.com\/brasserie_demuhle\/"]}]}},"publishpress_future_workflow_manual_trigger":{"enabledWorkflows":[]},"_links":{"self":[{"href":"https:\/\/www.demuhle.com\/en\/wp-json\/wp\/v2\/tribe_events\/2341","targetHints":{"allow":["GET"]}}],"collection":[{"href":"https:\/\/www.demuhle.com\/en\/wp-json\/wp\/v2\/tribe_events"}],"about":[{"href":"https:\/\/www.demuhle.com\/en\/wp-json\/wp\/v2\/types\/tribe_events"}],"author":[{"embeddable":true,"href":"https:\/\/www.demuhle.com\/en\/wp-json\/wp\/v2\/users\/4"}],"version-history":[{"count":2,"href":"https:\/\/www.demuhle.com\/en\/wp-json\/wp\/v2\/tribe_events\/2341\/revisions"}],"predecessor-version":[{"id":2343,"href":"https:\/\/www.demuhle.com\/en\/wp-json\/wp\/v2\/tribe_events\/2341\/revisions\/2343"}],"wp:featuredmedia":[{"embeddable":true,"href":"https:\/\/www.demuhle.com\/en\/wp-json\/wp\/v2\/media\/2340"}],"wp:attachment":[{"href":"https:\/\/www.demuhle.com\/en\/wp-json\/wp\/v2\/media?parent=2341"}],"wp:term":[{"taxonomy":"post_tag","embeddable":true,"href":"https:\/\/www.demuhle.com\/en\/wp-json\/wp\/v2\/tags?post=2341"},{"taxonomy":"tribe_events_cat","embeddable":true,"href":"https:\/\/www.demuhle.com\/en\/wp-json\/wp\/v2\/tribe_events_cat?post=2341"}],"curies":[{"name":"wp","href":"https:\/\/api.w.org\/{rel}","templated":true}]}}

Mother's day at the Mühle!

<p>Celebrate Mother's Day at the Mühle!</p>
<p data-path-to-node="7"><b data-path-to-node="7" data-index-in-node="0">The most important woman in your life deserves more than a limp bunch of flowers. 🌹</b></p>
<p data-path-to-node="8">Let's face it: mum only wants one thing this year and that is to really spend some time together. No washing up, no stress, just the raw charm of De Mühle as the backdrop for your memories. Whether she enjoys an afternoon of conviviality or an evening of culinary spectacle, we have the perfect match.</p>
<p data-path-to-node="8"><strong>Upon arrival, we will give you a (non-alcoholic) prosecco to celebrate this beautiful moment.</strong></p>
<p data-path-to-node="9"><b data-path-to-node="9" data-index-in-node="0">Afternoon: The Shared Dining Lunch €28.50 (11:30 - 15:30)</b></p>
<p>To begin with:</p>
<p>Cucumber-courgette soup or Salmorejo</p>
<p>Afterwards, all tasty snacks to enjoy together:</p>
<ul>
<li>Lebanese pizza</li>
<li>Chicken or Vega gyoza</li>
<li>Focaccia with black garlic-anchovy cream or Butter with smoked salt</li>
<li>Watermelon Sashimi</li>
<li>Puffed celeriac with almonds and lemon mayo</li>
</ul>
<p>To end this delicious meal:</p>
<ul>
<li>Passion fruit semifreddo with toasted coconut</li>
<li>White chocolate brownie</li>
</ul>
<p data-path-to-node="11"><b data-path-to-node="11" data-index-in-node="0">Evening: The Mother's Day Dinner €39.50 (from 17:00)</b></p>
<p data-path-to-node="11"><strong>3-course dinner:</strong></p>
<p data-path-to-node="11"><em>Starter</em></p>
<p data-path-to-node="11">Puffed celeriac with lemon mayo &amp; almonds</p>
<p data-path-to-node="11"><em>or</em></p>
<p data-path-to-node="11">Deep-fried white asparagus with a tie garlic sauce</p>
<p data-path-to-node="11"><em>Main course</em></p>
<p data-path-to-node="11">Asparagus with hollandaise, haddock &amp; baby potatoes</p>
<p data-path-to-node="11"><em>Or</em></p>
<p data-path-to-node="11">Vegetarian lasagne with Artichoke mascarpone</p>
<p data-path-to-node="11"><em>Dessert</em></p>
<p data-path-to-node="11">Passion fruit semifreddo with toasted coconut</p>
<p data-path-to-node="11"><em>Or</em></p>
<p data-path-to-node="11">Tiramisu Affogato</p>
<p data-path-to-node="11"><em><strong>Would you rather choose something from the regular menu? No problem, as long as it will be a memorable day.</strong></em></p>

<p>Celebrate Mother's Day at the Mühle! The most important woman in your</p>

<!-- This site is optimized with the Yoast SEO plugin v27.4 - https://yoast.com/product/yoast-seo-wordpress/ -->
<title>Moederdag bij de Mühle! - De Mühle</title>
<meta name="robots" content="index, follow, max-snippet:-1, max-image-preview:large, max-video-preview:-1" />
<link rel="canonical" href="https://www.demuhle.com/en/event/mothers-day-at-the-muhle/" />
<meta property="og:locale" content="en_GB" />
<meta property="og:type" content="article" />
<meta property="og:title" content="Moederdag bij de Mühle! - De Mühle" />
<meta property="og:description" content="Vier Moederdag bij de Mühle! De belangrijkste vrouw in je" />
<meta property="og:url" content="https://www.demuhle.com/en/event/mothers-day-at-the-muhle/" />
<meta property="og:site_name" content="De Mühle" />
<meta property="article:publisher" content="https://www.facebook.com/p/Femilie-at-Etzenrather-M%c3%bchle-100027792532478" />
<meta property="article:modified_time" content="2026-04-22T15:27:08+00:00" />
<meta property="og:image" content="https://www.demuhle.com/wp-content/uploads/2026/04/WhatsApp-Image-2026-04-22-at-16.15.25-1.jpeg" />
	<meta property="og:image:width" content="1536" />
	<meta property="og:image:height" content="2048" />
	<meta property="og:image:type" content="image/jpeg" />
<meta name="twitter:card" content="summary_large_image" />
<meta name="twitter:label1" content="Estimated reading time" />
	<meta name="twitter:data1" content="2 minutes" />
<script type="application/ld+json" class="yoast-schema-graph">{"@context":"https:\/\/schema.org","@graph":[{"@type":"WebPage","@id":"https:\/\/www.demuhle.com\/event\/moederdag-bij-de-muhle\/","url":"https:\/\/www.demuhle.com\/event\/moederdag-bij-de-muhle\/","name":"Moederdag bij de Mühle! - De Mühle","isPartOf":{"@id":"https:\/\/www.demuhle.com\/#website"},"primaryImageOfPage":{"@id":"https:\/\/www.demuhle.com\/event\/moederdag-bij-de-muhle\/#primaryimage"},"image":{"@id":"https:\/\/www.demuhle.com\/event\/moederdag-bij-de-muhle\/#primaryimage"},"thumbnailUrl":"https:\/\/www.demuhle.com\/wp-content\/uploads\/2026\/04\/WhatsApp-Image-2026-04-22-at-16.15.25-1.jpeg","datePublished":"2026-04-22T14:47:24+00:00","dateModified":"2026-04-22T15:27:08+00:00","breadcrumb":{"@id":"https:\/\/www.demuhle.com\/event\/moederdag-bij-de-muhle\/#breadcrumb"},"inLanguage":"en-GB","potentialAction":[{"@type":"ReadAction","target":["https:\/\/www.demuhle.com\/event\/moederdag-bij-de-muhle\/"]}]},{"@type":"ImageObject","inLanguage":"en-GB","@id":"https:\/\/www.demuhle.com\/event\/moederdag-bij-de-muhle\/#primaryimage","url":"https:\/\/www.demuhle.com\/wp-content\/uploads\/2026\/04\/WhatsApp-Image-2026-04-22-at-16.15.25-1.jpeg","contentUrl":"https:\/\/www.demuhle.com\/wp-content\/uploads\/2026\/04\/WhatsApp-Image-2026-04-22-at-16.15.25-1.jpeg","width":1536,"height":2048},{"@type":"BreadcrumbList","@id":"https:\/\/www.demuhle.com\/event\/moederdag-bij-de-muhle\/#breadcrumb","itemListElement":[{"@type":"ListItem","position":1,"name":"Home","item":"https:\/\/www.demuhle.com\/"},{"@type":"ListItem","position":2,"name":"Evenementen","item":"https:\/\/www.demuhle.com\/events\/"},{"@type":"ListItem","position":3,"name":"Moederdag bij de Mühle!"}]},{"@type":"WebSite","@id":"https:\/\/www.demuhle.com\/#website","url":"https:\/\/www.demuhle.com\/","name":"De Mühle","description":"","publisher":{"@id":"https:\/\/www.demuhle.com\/#organization"},"potentialAction":[{"@type":"SearchAction","target":{"@type":"EntryPoint","urlTemplate":"https:\/\/www.demuhle.com\/?s={search_term_string}"},"query-input":{"@type":"PropertyValueSpecification","valueRequired":true,"valueName":"search_term_string"}}],"inLanguage":"en-GB"},{"@type":"Organization","@id":"https:\/\/www.demuhle.com\/#organization","name":"De Mühle","url":"https:\/\/www.demuhle.com\/","logo":{"@type":"ImageObject","inLanguage":"en-GB","@id":"https:\/\/www.demuhle.com\/#\/schema\/logo\/image\/","url":"https:\/\/www.demuhle.com\/wp-content\/uploads\/2024\/10\/500.png","contentUrl":"https:\/\/www.demuhle.com\/wp-content\/uploads\/2024\/10\/500.png","width":500,"height":500,"caption":"De Mühle"},"image":{"@id":"https:\/\/www.demuhle.com\/#\/schema\/logo\/image\/"},"sameAs":["https:\/\/www.facebook.com\/p\/Femilie-at-Etzenrather-Mühle-100027792532478","https:\/\/www.instagram.com\/brasserie_demuhle\/"]}]}</script>
<!-- / Yoast SEO plugin. -->

Mother's Day at the Mühle! - The Mühle

Moederdag bij de Mühle! - De Mühle

Vier Moederdag bij de Mühle! De belangrijkste vrouw in je

De Mühle

Moederdag bij de Mühle!

The Mühle

https://www.facebook.com/p/Femilie-at-Etzenrather-Mühle-100027792532478
