{"id":2219,"date":"2026-01-19T16:38:16","date_gmt":"2026-01-19T16:38:16","guid":{"rendered":"https:\/\/www.demuhle.com\/?post_type=tribe_events&#038;p=2219"},"modified":"2026-02-10T10:44:40","modified_gmt":"2026-02-10T09:44:40","slug":"kein-karnevalswochenende","status":"publish","type":"tribe_events","link":"https:\/\/www.demuhle.com\/de\/veranstaltung\/kein-karnevalswochenende\/","title":{"rendered":"(kein) Karnevalswochenende"},"content":{"rendered":"<p>F\u00fcr diejenigen, die keine Lust haben, Karneval zu feiern, oder die nicht jeden Tag hingehen, haben wir ein Wochenende voller Angebote.<\/p>\n<p><strong>Mittagsmen\u00fc<\/strong><\/p>\n<p>Unsere gef\u00fcllte Focaccia und Challa (Brioche-Br\u00f6tchen) f\u00fcr 12,50 \u20ac statt 15,50 \u20ac<br \/>\nZwiebelsuppe + Glas Pinot Grigio \u20ac13,50 statt \u20ac15<br \/>\nBrioche-Rolle (Challa) Saures Fleisch \u20ac15.50<br \/>\nBrioche-Rolle (Challa) H\u00fchnerragout \u20ac13.50<\/p>\n<p><strong>Abendessen<\/strong><\/p>\n<p>3-G\u00e4nge-Men\u00fc Casual \u20ac37,50<br \/>\n3-G\u00e4nge-Deluxe \u20ac47,50<\/p>\n<p>Sauerteig &amp; Flasche Blue Chimay \u20ac23.50<br \/>\nHochrippe &amp; ein Glas Sp\u00e4tburgunder \u20ac33.50<\/p>","protected":false},"excerpt":{"rendered":"<p>F\u00fcr diejenigen, die nicht so sehr auf Karneval stehen<\/p>","protected":false},"author":1,"featured_media":2227,"template":"","meta":{"_acf_changed":false,"_tribe_events_status":"","_tribe_events_status_reason":"","footnotes":""},"tags":[],"tribe_events_cat":[],"class_list":["post-2219","tribe_events","type-tribe_events","status-publish","has-post-thumbnail","hentry"],"acf":[],"yoast_head":"<!-- This site is optimized with the Yoast SEO plugin v27.4 - https:\/\/yoast.com\/product\/yoast-seo-wordpress\/ -->\n<title>(no) Carnavalsweekend - De M\u00fchle<\/title>\n<meta name=\"robots\" content=\"index, follow, max-snippet:-1, max-image-preview:large, max-video-preview:-1\" \/>\n<link rel=\"canonical\" href=\"https:\/\/www.demuhle.com\/de\/veranstaltung\/kein-karnevalswochenende\/\" \/>\n<meta property=\"og:locale\" content=\"de_DE\" \/>\n<meta property=\"og:type\" content=\"article\" \/>\n<meta property=\"og:title\" content=\"(no) Carnavalsweekend - De M\u00fchle\" \/>\n<meta property=\"og:description\" content=\"Voor de mensen die niet zo\u2019n zin hebben om carnaval\" \/>\n<meta property=\"og:url\" content=\"https:\/\/www.demuhle.com\/de\/veranstaltung\/kein-karnevalswochenende\/\" \/>\n<meta property=\"og:site_name\" content=\"De M\u00fchle\" \/>\n<meta property=\"article:publisher\" content=\"https:\/\/www.facebook.com\/p\/Femilie-at-Etzenrather-M%c3%bchle-100027792532478\" \/>\n<meta property=\"article:modified_time\" content=\"2026-02-10T09:44:40+00:00\" \/>\n<meta property=\"og:image\" content=\"https:\/\/www.demuhle.com\/wp-content\/uploads\/2026\/01\/No-carnaval.png\" \/>\n\t<meta property=\"og:image:width\" content=\"1024\" \/>\n\t<meta property=\"og:image:height\" content=\"1024\" \/>\n\t<meta property=\"og:image:type\" content=\"image\/png\" \/>\n<meta name=\"twitter:card\" content=\"summary_large_image\" \/>\n<meta name=\"twitter:label1\" content=\"Gesch\u00e4tzte Lesezeit\" \/>\n\t<meta name=\"twitter:data1\" content=\"1\u00a0Minute\" \/>\n<script type=\"application\/ld+json\" class=\"yoast-schema-graph\">{\"@context\":\"https:\\\/\\\/schema.org\",\"@graph\":[{\"@type\":\"WebPage\",\"@id\":\"https:\\\/\\\/www.demuhle.com\\\/event\\\/no-carnavalsweekend\\\/\",\"url\":\"https:\\\/\\\/www.demuhle.com\\\/event\\\/no-carnavalsweekend\\\/\",\"name\":\"(no) Carnavalsweekend - De M\u00fchle\",\"isPartOf\":{\"@id\":\"https:\\\/\\\/www.demuhle.com\\\/#website\"},\"primaryImageOfPage\":{\"@id\":\"https:\\\/\\\/www.demuhle.com\\\/event\\\/no-carnavalsweekend\\\/#primaryimage\"},\"image\":{\"@id\":\"https:\\\/\\\/www.demuhle.com\\\/event\\\/no-carnavalsweekend\\\/#primaryimage\"},\"thumbnailUrl\":\"https:\\\/\\\/www.demuhle.com\\\/wp-content\\\/uploads\\\/2026\\\/01\\\/No-carnaval.png\",\"datePublished\":\"2026-01-19T16:38:16+00:00\",\"dateModified\":\"2026-02-10T09:44:40+00:00\",\"breadcrumb\":{\"@id\":\"https:\\\/\\\/www.demuhle.com\\\/event\\\/no-carnavalsweekend\\\/#breadcrumb\"},\"inLanguage\":\"de\",\"potentialAction\":[{\"@type\":\"ReadAction\",\"target\":[\"https:\\\/\\\/www.demuhle.com\\\/event\\\/no-carnavalsweekend\\\/\"]}]},{\"@type\":\"ImageObject\",\"inLanguage\":\"de\",\"@id\":\"https:\\\/\\\/www.demuhle.com\\\/event\\\/no-carnavalsweekend\\\/#primaryimage\",\"url\":\"https:\\\/\\\/www.demuhle.com\\\/wp-content\\\/uploads\\\/2026\\\/01\\\/No-carnaval.png\",\"contentUrl\":\"https:\\\/\\\/www.demuhle.com\\\/wp-content\\\/uploads\\\/2026\\\/01\\\/No-carnaval.png\",\"width\":1024,\"height\":1024},{\"@type\":\"BreadcrumbList\",\"@id\":\"https:\\\/\\\/www.demuhle.com\\\/event\\\/no-carnavalsweekend\\\/#breadcrumb\",\"itemListElement\":[{\"@type\":\"ListItem\",\"position\":1,\"name\":\"Home\",\"item\":\"https:\\\/\\\/www.demuhle.com\\\/\"},{\"@type\":\"ListItem\",\"position\":2,\"name\":\"Evenementen\",\"item\":\"https:\\\/\\\/www.demuhle.com\\\/events\\\/\"},{\"@type\":\"ListItem\",\"position\":3,\"name\":\"(no) Carnavalsweekend\"}]},{\"@type\":\"WebSite\",\"@id\":\"https:\\\/\\\/www.demuhle.com\\\/#website\",\"url\":\"https:\\\/\\\/www.demuhle.com\\\/\",\"name\":\"De M\u00fchle\",\"description\":\"\",\"publisher\":{\"@id\":\"https:\\\/\\\/www.demuhle.com\\\/#organization\"},\"potentialAction\":[{\"@type\":\"SearchAction\",\"target\":{\"@type\":\"EntryPoint\",\"urlTemplate\":\"https:\\\/\\\/www.demuhle.com\\\/?s={search_term_string}\"},\"query-input\":{\"@type\":\"PropertyValueSpecification\",\"valueRequired\":true,\"valueName\":\"search_term_string\"}}],\"inLanguage\":\"de\"},{\"@type\":\"Organization\",\"@id\":\"https:\\\/\\\/www.demuhle.com\\\/#organization\",\"name\":\"De M\u00fchle\",\"url\":\"https:\\\/\\\/www.demuhle.com\\\/\",\"logo\":{\"@type\":\"ImageObject\",\"inLanguage\":\"de\",\"@id\":\"https:\\\/\\\/www.demuhle.com\\\/#\\\/schema\\\/logo\\\/image\\\/\",\"url\":\"https:\\\/\\\/www.demuhle.com\\\/wp-content\\\/uploads\\\/2024\\\/10\\\/500.png\",\"contentUrl\":\"https:\\\/\\\/www.demuhle.com\\\/wp-content\\\/uploads\\\/2024\\\/10\\\/500.png\",\"width\":500,\"height\":500,\"caption\":\"De M\u00fchle\"},\"image\":{\"@id\":\"https:\\\/\\\/www.demuhle.com\\\/#\\\/schema\\\/logo\\\/image\\\/\"},\"sameAs\":[\"https:\\\/\\\/www.facebook.com\\\/p\\\/Femilie-at-Etzenrather-M\u00fchle-100027792532478\",\"https:\\\/\\\/www.instagram.com\\\/brasserie_demuhle\\\/\"]}]}<\/script>\n<!-- \/ Yoast SEO plugin. -->","yoast_head_json":{"title":"(kein) Karnevalswochenende - Die M\u00fchle","robots":{"index":"index","follow":"follow","max-snippet":"max-snippet:-1","max-image-preview":"max-image-preview:large","max-video-preview":"max-video-preview:-1"},"canonical":"https:\/\/www.demuhle.com\/de\/veranstaltung\/kein-karnevalswochenende\/","og_locale":"de_DE","og_type":"article","og_title":"(no) Carnavalsweekend - De M\u00fchle","og_description":"Voor de mensen die niet zo\u2019n zin hebben om carnaval","og_url":"https:\/\/www.demuhle.com\/de\/veranstaltung\/kein-karnevalswochenende\/","og_site_name":"De M\u00fchle","article_publisher":"https:\/\/www.facebook.com\/p\/Femilie-at-Etzenrather-M%c3%bchle-100027792532478","article_modified_time":"2026-02-10T09:44:40+00:00","og_image":[{"width":1024,"height":1024,"url":"https:\/\/www.demuhle.com\/wp-content\/uploads\/2026\/01\/No-carnaval.png","type":"image\/png"}],"twitter_card":"summary_large_image","twitter_misc":{"Gesch\u00e4tzte Lesezeit":"1\u00a0Minute"},"schema":{"@context":"https:\/\/schema.org","@graph":[{"@type":"WebPage","@id":"https:\/\/www.demuhle.com\/event\/no-carnavalsweekend\/","url":"https:\/\/www.demuhle.com\/event\/no-carnavalsweekend\/","name":"(kein) Karnevalswochenende - Die M\u00fchle","isPartOf":{"@id":"https:\/\/www.demuhle.com\/#website"},"primaryImageOfPage":{"@id":"https:\/\/www.demuhle.com\/event\/no-carnavalsweekend\/#primaryimage"},"image":{"@id":"https:\/\/www.demuhle.com\/event\/no-carnavalsweekend\/#primaryimage"},"thumbnailUrl":"https:\/\/www.demuhle.com\/wp-content\/uploads\/2026\/01\/No-carnaval.png","datePublished":"2026-01-19T16:38:16+00:00","dateModified":"2026-02-10T09:44:40+00:00","breadcrumb":{"@id":"https:\/\/www.demuhle.com\/event\/no-carnavalsweekend\/#breadcrumb"},"inLanguage":"de","potentialAction":[{"@type":"ReadAction","target":["https:\/\/www.demuhle.com\/event\/no-carnavalsweekend\/"]}]},{"@type":"ImageObject","inLanguage":"de","@id":"https:\/\/www.demuhle.com\/event\/no-carnavalsweekend\/#primaryimage","url":"https:\/\/www.demuhle.com\/wp-content\/uploads\/2026\/01\/No-carnaval.png","contentUrl":"https:\/\/www.demuhle.com\/wp-content\/uploads\/2026\/01\/No-carnaval.png","width":1024,"height":1024},{"@type":"BreadcrumbList","@id":"https:\/\/www.demuhle.com\/event\/no-carnavalsweekend\/#breadcrumb","itemListElement":[{"@type":"ListItem","position":1,"name":"Home","item":"https:\/\/www.demuhle.com\/"},{"@type":"ListItem","position":2,"name":"Evenementen","item":"https:\/\/www.demuhle.com\/events\/"},{"@type":"ListItem","position":3,"name":"(no) Carnavalsweekend"}]},{"@type":"WebSite","@id":"https:\/\/www.demuhle.com\/#website","url":"https:\/\/www.demuhle.com\/","name":"Die M\u00fchle","description":"","publisher":{"@id":"https:\/\/www.demuhle.com\/#organization"},"potentialAction":[{"@type":"SearchAction","target":{"@type":"EntryPoint","urlTemplate":"https:\/\/www.demuhle.com\/?s={search_term_string}"},"query-input":{"@type":"PropertyValueSpecification","valueRequired":true,"valueName":"search_term_string"}}],"inLanguage":"de"},{"@type":"Organization","@id":"https:\/\/www.demuhle.com\/#organization","name":"Die M\u00fchle","url":"https:\/\/www.demuhle.com\/","logo":{"@type":"ImageObject","inLanguage":"de","@id":"https:\/\/www.demuhle.com\/#\/schema\/logo\/image\/","url":"https:\/\/www.demuhle.com\/wp-content\/uploads\/2024\/10\/500.png","contentUrl":"https:\/\/www.demuhle.com\/wp-content\/uploads\/2024\/10\/500.png","width":500,"height":500,"caption":"De M\u00fchle"},"image":{"@id":"https:\/\/www.demuhle.com\/#\/schema\/logo\/image\/"},"sameAs":["https:\/\/www.facebook.com\/p\/Femilie-at-Etzenrather-M\u00fchle-100027792532478","https:\/\/www.instagram.com\/brasserie_demuhle\/"]}]}},"publishpress_future_workflow_manual_trigger":{"enabledWorkflows":[]},"_links":{"self":[{"href":"https:\/\/www.demuhle.com\/de\/wp-json\/wp\/v2\/tribe_events\/2219","targetHints":{"allow":["GET"]}}],"collection":[{"href":"https:\/\/www.demuhle.com\/de\/wp-json\/wp\/v2\/tribe_events"}],"about":[{"href":"https:\/\/www.demuhle.com\/de\/wp-json\/wp\/v2\/types\/tribe_events"}],"author":[{"embeddable":true,"href":"https:\/\/www.demuhle.com\/de\/wp-json\/wp\/v2\/users\/1"}],"version-history":[{"count":2,"href":"https:\/\/www.demuhle.com\/de\/wp-json\/wp\/v2\/tribe_events\/2219\/revisions"}],"predecessor-version":[{"id":2258,"href":"https:\/\/www.demuhle.com\/de\/wp-json\/wp\/v2\/tribe_events\/2219\/revisions\/2258"}],"wp:featuredmedia":[{"embeddable":true,"href":"https:\/\/www.demuhle.com\/de\/wp-json\/wp\/v2\/media\/2227"}],"wp:attachment":[{"href":"https:\/\/www.demuhle.com\/de\/wp-json\/wp\/v2\/media?parent=2219"}],"wp:term":[{"taxonomy":"post_tag","embeddable":true,"href":"https:\/\/www.demuhle.com\/de\/wp-json\/wp\/v2\/tags?post=2219"},{"taxonomy":"tribe_events_cat","embeddable":true,"href":"https:\/\/www.demuhle.com\/de\/wp-json\/wp\/v2\/tribe_events_cat?post=2219"}],"curies":[{"name":"wp","href":"https:\/\/api.w.org\/{rel}","templated":true}]}}

<p>Für diejenigen, die keine Lust haben, Karneval zu feiern, oder die nicht jeden Tag hingehen, haben wir ein Wochenende voller Angebote.</p>
<p><strong>Mittagsmenü</strong></p>
<p>Unsere gefüllte Focaccia und Challa (Brioche-Brötchen) für 12,50 € statt 15,50 €<br />
Zwiebelsuppe + Glas Pinot Grigio €13,50 statt €15<br />
Brioche-Rolle (Challa) Saures Fleisch €15.50<br />
Brioche-Rolle (Challa) Hühnerragout €13.50</p>
<p><strong>Abendessen</strong></p>
<p>3-Gänge-Menü Casual €37,50<br />
3-Gänge-Deluxe €47,50</p>
<p>Sauerteig &amp; Flasche Blue Chimay €23.50<br />
Hochrippe &amp; ein Glas Spätburgunder €33.50</p>

<p>Für diejenigen, die nicht so sehr auf Karneval stehen</p>

<!-- This site is optimized with the Yoast SEO plugin v27.4 - https://yoast.com/product/yoast-seo-wordpress/ -->
<title>(no) Carnavalsweekend - De Mühle</title>
<meta name="robots" content="index, follow, max-snippet:-1, max-image-preview:large, max-video-preview:-1" />
<link rel="canonical" href="https://www.demuhle.com/de/veranstaltung/kein-karnevalswochenende/" />
<meta property="og:locale" content="de_DE" />
<meta property="og:type" content="article" />
<meta property="og:title" content="(no) Carnavalsweekend - De Mühle" />
<meta property="og:description" content="Voor de mensen die niet zo’n zin hebben om carnaval" />
<meta property="og:url" content="https://www.demuhle.com/de/veranstaltung/kein-karnevalswochenende/" />
<meta property="og:site_name" content="De Mühle" />
<meta property="article:publisher" content="https://www.facebook.com/p/Femilie-at-Etzenrather-M%c3%bchle-100027792532478" />
<meta property="article:modified_time" content="2026-02-10T09:44:40+00:00" />
<meta property="og:image" content="https://www.demuhle.com/wp-content/uploads/2026/01/No-carnaval.png" />
	<meta property="og:image:width" content="1024" />
	<meta property="og:image:height" content="1024" />
	<meta property="og:image:type" content="image/png" />
<meta name="twitter:card" content="summary_large_image" />
<meta name="twitter:label1" content="Geschätzte Lesezeit" />
	<meta name="twitter:data1" content="1 Minute" />
<script type="application/ld+json" class="yoast-schema-graph">{"@context":"https:\/\/schema.org","@graph":[{"@type":"WebPage","@id":"https:\/\/www.demuhle.com\/event\/no-carnavalsweekend\/","url":"https:\/\/www.demuhle.com\/event\/no-carnavalsweekend\/","name":"(no) Carnavalsweekend - De Mühle","isPartOf":{"@id":"https:\/\/www.demuhle.com\/#website"},"primaryImageOfPage":{"@id":"https:\/\/www.demuhle.com\/event\/no-carnavalsweekend\/#primaryimage"},"image":{"@id":"https:\/\/www.demuhle.com\/event\/no-carnavalsweekend\/#primaryimage"},"thumbnailUrl":"https:\/\/www.demuhle.com\/wp-content\/uploads\/2026\/01\/No-carnaval.png","datePublished":"2026-01-19T16:38:16+00:00","dateModified":"2026-02-10T09:44:40+00:00","breadcrumb":{"@id":"https:\/\/www.demuhle.com\/event\/no-carnavalsweekend\/#breadcrumb"},"inLanguage":"de","potentialAction":[{"@type":"ReadAction","target":["https:\/\/www.demuhle.com\/event\/no-carnavalsweekend\/"]}]},{"@type":"ImageObject","inLanguage":"de","@id":"https:\/\/www.demuhle.com\/event\/no-carnavalsweekend\/#primaryimage","url":"https:\/\/www.demuhle.com\/wp-content\/uploads\/2026\/01\/No-carnaval.png","contentUrl":"https:\/\/www.demuhle.com\/wp-content\/uploads\/2026\/01\/No-carnaval.png","width":1024,"height":1024},{"@type":"BreadcrumbList","@id":"https:\/\/www.demuhle.com\/event\/no-carnavalsweekend\/#breadcrumb","itemListElement":[{"@type":"ListItem","position":1,"name":"Home","item":"https:\/\/www.demuhle.com\/"},{"@type":"ListItem","position":2,"name":"Evenementen","item":"https:\/\/www.demuhle.com\/events\/"},{"@type":"ListItem","position":3,"name":"(no) Carnavalsweekend"}]},{"@type":"WebSite","@id":"https:\/\/www.demuhle.com\/#website","url":"https:\/\/www.demuhle.com\/","name":"De Mühle","description":"","publisher":{"@id":"https:\/\/www.demuhle.com\/#organization"},"potentialAction":[{"@type":"SearchAction","target":{"@type":"EntryPoint","urlTemplate":"https:\/\/www.demuhle.com\/?s={search_term_string}"},"query-input":{"@type":"PropertyValueSpecification","valueRequired":true,"valueName":"search_term_string"}}],"inLanguage":"de"},{"@type":"Organization","@id":"https:\/\/www.demuhle.com\/#organization","name":"De Mühle","url":"https:\/\/www.demuhle.com\/","logo":{"@type":"ImageObject","inLanguage":"de","@id":"https:\/\/www.demuhle.com\/#\/schema\/logo\/image\/","url":"https:\/\/www.demuhle.com\/wp-content\/uploads\/2024\/10\/500.png","contentUrl":"https:\/\/www.demuhle.com\/wp-content\/uploads\/2024\/10\/500.png","width":500,"height":500,"caption":"De Mühle"},"image":{"@id":"https:\/\/www.demuhle.com\/#\/schema\/logo\/image\/"},"sameAs":["https:\/\/www.facebook.com\/p\/Femilie-at-Etzenrather-Mühle-100027792532478","https:\/\/www.instagram.com\/brasserie_demuhle\/"]}]}</script>
<!-- / Yoast SEO plugin. -->

(kein) Karnevalswochenende - Die Mühle

(no) Carnavalsweekend - De Mühle

De Mühle

Die Mühle

https://www.facebook.com/p/Femilie-at-Etzenrather-Mühle-100027792532478
